{"id":112,"date":"2022-07-10T10:37:21","date_gmt":"2022-07-10T08:37:21","guid":{"rendered":"http:\/\/fontend.cluster030.hosting.ovh.net\/?page_id=112"},"modified":"2022-07-10T16:00:00","modified_gmt":"2022-07-10T14:00:00","slug":"acca-fontenelle","status":"publish","type":"page","link":"https:\/\/fontenelle.fr\/?page_id=112","title":{"rendered":"ACCA Fontenelle"},"content":{"rendered":"<h5>L\u2019ACCA, Association Communale de Chasse Agr\u00e9\u00e9e, a \u00e9t\u00e9 cr\u00e9e le 15 Septembre 1971 par Monsieur GARESSUS Roger avec pour objet de faciliter la pratique de la chasse, favoriser le repeuplement en gibier par la r\u00e9pression du braconnage et la destruction des animaux nuisibles (JO du 22 septembre 1971).<\/h5>\n<h5>Pour la saison de chasse 2020\/21, nous sommes 9 chasseurs sur la commune de Fontenelle dont un garde-chasse particulier asserment\u00e9 depuis le 21\/01\/1999 dont la charge est de constater les infractions relatives \u00e0 la chasse, la divagation des animaux errants et de r\u00e9guler les ESOD (Esp\u00e8ces Susceptibles d\u2019Occasionner des D\u00e9g\u00e2ts) ce qui \u00e9taient appeler avant nuisibles.<\/h5>\n<h5>Pendant la p\u00e9riode d\u2019ouverture de la chasse (mi septembre-fin f\u00e9vrier), nous chassons le samedi, le dimanche et les jours f\u00e9ri\u00e9s avec un jour de non chasse le vendredi.<\/h5>\n<h5>Du 1 Juin \u00e0 la date d\u2019ouverture, nous effectuons de l\u2019aff\u00fbt pour r\u00e9guler l\u2019esp\u00e8ce sanglier qui fait des d\u00e9g\u00e2ts sur les cultures en particulier sur les semis de ma\u00efs, de soja et de bl\u00e9. Il faut savoir que ce sont les chasseurs qui indemnisent les d\u00e9g\u00e2ts aux agriculteurs.<\/h5>\n<p>&nbsp;<\/p>\n","protected":false},"excerpt":{"rendered":"<p>L\u2019ACCA, Association Communale de Chasse Agr\u00e9\u00e9e, a \u00e9t\u00e9 cr\u00e9e le 15 Septembre 1971 par Monsieur GARESSUS Roger avec pour objet de faciliter la pratique de la chasse, favoriser le repeuplement en gibier par la r\u00e9pression du braconnage et la destruction des animaux nuisibles (JO du 22 septembre 1971). Pour la saison de chasse 2020\/21, nous [&hellip;]<\/p>\n","protected":false},"author":2,"featured_media":0,"parent":0,"menu_order":0,"comment_status":"closed","ping_status":"closed","template":"","meta":{"footnotes":""},"class_list":["post-112","page","type-page","status-publish","hentry"],"_links":{"self":[{"href":"https:\/\/fontenelle.fr\/index.php?rest_route=\/wp\/v2\/pages\/112","targetHints":{"allow":["GET"]}}],"collection":[{"href":"https:\/\/fontenelle.fr\/index.php?rest_route=\/wp\/v2\/pages"}],"about":[{"href":"https:\/\/fontenelle.fr\/index.php?rest_route=\/wp\/v2\/types\/page"}],"author":[{"embeddable":true,"href":"https:\/\/fontenelle.fr\/index.php?rest_route=\/wp\/v2\/users\/2"}],"replies":[{"embeddable":true,"href":"https:\/\/fontenelle.fr\/index.php?rest_route=%2Fwp%2Fv2%2Fcomments&post=112"}],"version-history":[{"count":5,"href":"https:\/\/fontenelle.fr\/index.php?rest_route=\/wp\/v2\/pages\/112\/revisions"}],"predecessor-version":[{"id":245,"href":"https:\/\/fontenelle.fr\/index.php?rest_route=\/wp\/v2\/pages\/112\/revisions\/245"}],"wp:attachment":[{"href":"https:\/\/fontenelle.fr\/index.php?rest_route=%2Fwp%2Fv2%2Fmedia&parent=112"}],"curies":[{"name":"wp","href":"https:\/\/api.w.org\/{rel}","templated":true}]}}