{"id":159,"date":"2022-07-10T14:06:29","date_gmt":"2022-07-10T12:06:29","guid":{"rendered":"http:\/\/fontenelle.fr\/?page_id=159"},"modified":"2025-11-02T07:18:49","modified_gmt":"2025-11-02T06:18:49","slug":"salle-des-4-villages","status":"publish","type":"page","link":"https:\/\/fontenelle.fr\/?page_id=159","title":{"rendered":"Salle des 4 Villages"},"content":{"rendered":"<p>SYNDICAT DE GESTION DE LA SALLE DES 4 VILLAGES<\/p>\n<p>Autrech\u00eane \u2013 Fontenelle \u2013 Novillard &#8211; Petit-Croix<\/p>\n<p>&nbsp;<\/p>\n<p>Depuis le 29 avril 2016, Monsieur le pr\u00e9fet a accept\u00e9 l\u2019adh\u00e9sion de notre Commune au Syndicat de la salle intercommunale \u00e0 Novillard.<\/p>\n<p>Ce Syndicat a pour objet la gestion et l\u2019entretien de la salle polyvalente. Il est administr\u00e9 par les Conseillers Municipaux de chaque Commune membre.<\/p>\n<p>La contribution des Communes est de 50% de la totalit\u00e9 des d\u00e9penses r\u00e9partis en quatre parts \u00e9gales et les 50 autres pour cent au prorata du nombre d\u2019habitants suivant le chiffre de populations l\u00e9gales publi\u00e9 par l\u2019INSEE chaque ann\u00e9e.<\/p>\n<p>&nbsp;<\/p>\n<p>Lien Facebook :\u00a0<a href=\"https:\/\/www.facebook.com\/profile.php?id=61573090347873\">https:\/\/www.facebook.com\/profile.php?id=61573090347873<\/a><\/p>\n<p>Pour toute demande concernant la location de la salle, contacter la g\u00e9rante<\/p>\n<p>Mme FIX Amour au 06.03.56.57.69 ou\u00a0<a href=\"mailto:manou90sta@gmail.com\" target=\"_blank\" rel=\"noreferrer noopener\">amourfix.salle@gmail.com<\/a><\/p>\n<p>&nbsp;<\/p>\n<p>&nbsp;<\/p>\n<p><img loading=\"lazy\" decoding=\"async\" class=\"alignnone size-full wp-image-674\" src=\"http:\/\/fontenelle.fr\/wp-content\/uploads\/2025\/10\/Capture-decran-2025-10-01-100855-1.png\" alt=\"\" width=\"887\" height=\"1051\" srcset=\"https:\/\/fontenelle.fr\/wp-content\/uploads\/2025\/10\/Capture-decran-2025-10-01-100855-1.png 887w, https:\/\/fontenelle.fr\/wp-content\/uploads\/2025\/10\/Capture-decran-2025-10-01-100855-1-253x300.png 253w, https:\/\/fontenelle.fr\/wp-content\/uploads\/2025\/10\/Capture-decran-2025-10-01-100855-1-864x1024.png 864w, https:\/\/fontenelle.fr\/wp-content\/uploads\/2025\/10\/Capture-decran-2025-10-01-100855-1-768x910.png 768w\" sizes=\"auto, (max-width: 887px) 100vw, 887px\" \/><\/p>\n<p>&nbsp;<\/p>\n<p><img loading=\"lazy\" decoding=\"async\" class=\"wp-image-675 aligncenter\" src=\"http:\/\/fontenelle.fr\/wp-content\/uploads\/2025\/10\/Capture-decran-2025-10-01-101025.png\" alt=\"\" width=\"787\" height=\"162\" srcset=\"https:\/\/fontenelle.fr\/wp-content\/uploads\/2025\/10\/Capture-decran-2025-10-01-101025.png 785w, https:\/\/fontenelle.fr\/wp-content\/uploads\/2025\/10\/Capture-decran-2025-10-01-101025-300x62.png 300w, https:\/\/fontenelle.fr\/wp-content\/uploads\/2025\/10\/Capture-decran-2025-10-01-101025-768x158.png 768w\" sizes=\"auto, (max-width: 787px) 100vw, 787px\" \/><\/p>\n<p><img loading=\"lazy\" decoding=\"async\" class=\"alignnone size-full wp-image-676\" src=\"http:\/\/fontenelle.fr\/wp-content\/uploads\/2025\/10\/Capture-decran-2025-10-01-101134.png\" alt=\"\" width=\"782\" height=\"821\" srcset=\"https:\/\/fontenelle.fr\/wp-content\/uploads\/2025\/10\/Capture-decran-2025-10-01-101134.png 782w, https:\/\/fontenelle.fr\/wp-content\/uploads\/2025\/10\/Capture-decran-2025-10-01-101134-286x300.png 286w, https:\/\/fontenelle.fr\/wp-content\/uploads\/2025\/10\/Capture-decran-2025-10-01-101134-768x806.png 768w\" sizes=\"auto, (max-width: 782px) 100vw, 782px\" \/><\/p>\n<p>&nbsp;<\/p>\n<p>&nbsp;<\/p>\n<p>&nbsp;<\/p>\n","protected":false},"excerpt":{"rendered":"<p>SYNDICAT DE GESTION DE LA SALLE DES 4 VILLAGES Autrech\u00eane \u2013 Fontenelle \u2013 Novillard &#8211; Petit-Croix &nbsp; Depuis le 29 avril 2016, Monsieur le pr\u00e9fet a accept\u00e9 l\u2019adh\u00e9sion de notre Commune au Syndicat de la salle intercommunale \u00e0 Novillard. Ce Syndicat a pour objet la gestion et l\u2019entretien de la salle polyvalente. Il est administr\u00e9 [&hellip;]<\/p>\n","protected":false},"author":2,"featured_media":0,"parent":0,"menu_order":0,"comment_status":"closed","ping_status":"closed","template":"","meta":{"footnotes":""},"class_list":["post-159","page","type-page","status-publish","hentry"],"_links":{"self":[{"href":"https:\/\/fontenelle.fr\/index.php?rest_route=\/wp\/v2\/pages\/159","targetHints":{"allow":["GET"]}}],"collection":[{"href":"https:\/\/fontenelle.fr\/index.php?rest_route=\/wp\/v2\/pages"}],"about":[{"href":"https:\/\/fontenelle.fr\/index.php?rest_route=\/wp\/v2\/types\/page"}],"author":[{"embeddable":true,"href":"https:\/\/fontenelle.fr\/index.php?rest_route=\/wp\/v2\/users\/2"}],"replies":[{"embeddable":true,"href":"https:\/\/fontenelle.fr\/index.php?rest_route=%2Fwp%2Fv2%2Fcomments&post=159"}],"version-history":[{"count":6,"href":"https:\/\/fontenelle.fr\/index.php?rest_route=\/wp\/v2\/pages\/159\/revisions"}],"predecessor-version":[{"id":686,"href":"https:\/\/fontenelle.fr\/index.php?rest_route=\/wp\/v2\/pages\/159\/revisions\/686"}],"wp:attachment":[{"href":"https:\/\/fontenelle.fr\/index.php?rest_route=%2Fwp%2Fv2%2Fmedia&parent=159"}],"curies":[{"name":"wp","href":"https:\/\/api.w.org\/{rel}","templated":true}]}}